actor of 41538?
True
Does 128 divide 13401856?
True
Is 1072800 a multiple of 80?
True
Does 308 divide 8040956?
True
Is 375821 a multiple of 57?
False
Does 19 divide 195462?
False
Is 3712163 a multiple of 27?
False
Is 116764 a multiple of 155?
False
Does 33 divide 37191?
True
Is 1455948 a multiple of 702?
True
Is 27380 a multiple of 22?
False
Is 7 a factor of 87950?
False
Does 4 divide 75144?
True
Is 3444284 a multiple of 149?
True
Is 83 a factor of 89557?
True
Is 8037021 a multiple of 9?
False
Does 10 divide 527903?
False
Is 219 a factor of 4803511?
False
Is 367 a factor of 82995?
False
Does 19 divide 1954606?
True
Does 1050 divide 20554329?
False
Is 92 a factor of 63629?
False
Is 171362 a multiple of 328?
False
Does 10 divide 30110?
True
Does 20 divide 479155?
False
Is 19 a factor of 212724?
True
Does 64 divide 1791488?
True
Is 782020 a multiple of 305?
True
Does 37 divide 46269?
False
Does 16 divide 2346480?
True
Is 1184 a multiple of 54?
False
Is 373584 a multiple of 37?
False
Is 133968 a multiple of 64?
False
Is 48 a factor of 67968?
True
Is 11 a factor of 414733?
True
Is 338 a factor of 640510?
True
Is 22 a factor of 280302?
True
Is 77 a factor of 105060?
False
Does 39 divide 1634763?
True
Does 4 divide 158622?
False
Is 28 a factor of 256284?
True
Is 11 a factor of 41767?
True
Is 553 a factor of 395948?
True
Does 132 divide 979308?
True
Is 7 a factor of 27572?
False
Does 285 divide 936225?
True
Is 4666662 a multiple of 1554?
True
Does 2 divide 423894?
True
Does 14 divide 4746?
True
Is 11 a factor of 1007822?
False
Is 29 a factor of 11397?
True
Is 13 a factor of 695742?
False
Is 190 a factor of 2186899?
False
Is 222999 a multiple of 378?
False
Does 8 divide 160855?
False
Is 257 a factor of 8299449?
False
Is 484 a factor of 294272?
True
Is 214 a factor of 736160?
True
Does 127 divide 260096?
True
Is 19 a factor of 16586706?
False
Is 12 a factor of 305832?
True
Does 590 divide 156350?
True
Does 460 divide 10023587?
False
Does 7 divide 135723?
True
Is 642304 a multiple of 104?
True
Does 28 divide 2310952?
True
Does 18 divide 2229605?
False
Is 3090939 a multiple of 211?
True
Is 9345168 a multiple of 126?
True
Is 58443 a multiple of 33?
True
Is 78648 a multiple of 226?
True
Is 117095 a multiple of 115?
False
Is 2360280 a multiple of 51?
True
Does 12 divide 698620?
False
Is 13 a factor of 1337024?
True
Is 67182 a multiple of 6?
True
Is 19 a factor of 41841?
False
Is 13746 a multiple of 237?
True
Is 32 a factor of 893984?
True
Is 7931883 a multiple of 606?
False
Does 7 divide 1985942?
True
Does 22 divide 11966834?
True
Is 710 a factor of 146260?
True
Does 68 divide 170612?
True
Does 896 divide 235282?
False
Is 151 a factor of 286907?
False
Does 35 divide 54165?
False
Is 132759 a multiple of 99?
True
Is 94240 a multiple of 304?
True
Is 394 a factor of 6059749?
False
Is 33 a factor of 117051?
True
Is 156405 a multiple of 4?
False
Does 185 divide 9330105?
True
Is 1110293 a multiple of 133?
False
Does 272 divide 69282?
False
Is 1733505 a multiple of 11?
False
Is 59160 a multiple of 30?
True
Does 59 divide 264733?
True
Is 471 a factor of 2321222?
False
Is 313 a factor of 242888?
True
Is 4067637 a multiple of 147?
True
Is 15036 a multiple of 4?
True
Does 42 divide 120334?
False
Is 15465221 a multiple of 902?
False
Is 294 a factor of 36939?
False
Does 35 divide 106680?
True
Is 5858928 a multiple of 276?
True
Is 64 a factor of 9656896?
True
Is 35 a factor of 156100?
True
Does 3 divide 3693392?
False
Is 960773 a multiple of 49?
False
Does 96 divide 28800?
True
Is 4102497 a multiple of 369?
False
Is 2531288 a multiple of 46?
True
Is 65 a factor of 894669?
False
Does 99 divide 17586994?
False
Is 6270148 a multiple of 283?
True
Is 859945 a multiple of 151?
True
Is 372184 a multiple of 262?
False
Is 10 a factor of 1139870?
True
Is 74504 even?
True
Is 609352 a multiple of 235?
False
Is 5 a factor of 168785?
True
Is 1561417 a multiple of 671?
True
Does 15 divide 78849?
False
Is 215 a multiple of 5?
True
Is 55 a factor of 1198566?
False
Is 223 a factor of 2638313?
True
Does 28 divide 34748?
True
Does 163 divide 786595?
False
Is 472225 a multiple of 13?
True
Does 287 divide 902615?
True
Is 36813 a multiple of 21?
True
Does 200 divide 23800?
True
Is 2056 a multiple of 8?
True
Is 1462091 a multiple of 249?
False
Does 533 divide 14345270?
False
Is 12 a factor of 9036460?
False
Does 120 divide 1055280?
True
Is 1339880 a multiple of 779?
True
Does 558 divide 19491253?
False
Is 19 a factor of 7982812?
True
Does 11 divide 198785?
False
Is 172 a factor of 4397008?
True
Is 1960330 a multiple of 38?
False
Is 187070 a multiple of 10?
True
Is 10 a factor of 20168?
False
Does 39 divide 29329?
False
Is 111 a factor of 164181?
False
Is 3002457 a multiple of 173?
False
Is 63585 a multiple of 785?
True
Is 10537879 a multiple of 369?
False
Does 11 divide 330298?
False
Is 13 a factor of 197?
False
Is 35 a factor of 456946?
False
Is 688 a factor of 3016192?
True
Is 1506081 a multiple of 11?
False
Is 209 a factor of 411312?
True
Does 1380 divide 13550386?
False
Is 139 a factor of 365655?
False
Is 3959311 a multiple of 589?
False
Is 43 a factor of 1134210?
False
Does 237 divide 292884?
False
Is 1312219 a multiple of 1357?
True
Is 6613544 a multiple of 17?
True
Does 29 divide 25261?
False
Does 112 divide 263805?
False
Is 336 a factor of 878649?
False
Is 11 a factor of 10400511?
True
Is 155686 a multiple of 482?
True
Is 19188 a multiple of 6?
True
Is 1195 a factor of 6486460?
True
Is 644587 a multiple of 35?
False
Is 1315982 a multiple of 158?
True
Is 498764 a multiple of 280?
False
Does 56 divide 358792?
True
Does 1149 divide 1178874?
True
Does 831 divide 2820328?
False
Is 834420 a multiple of 38?
False
Is 98511 a multiple of 56?
False
Is 58 a factor of 5684870?
True
Does 1097 divide 4774144?
True
Is 249 a factor of 7685385?
True
Does 125 divide 1537500?
True
Is 185920 a multiple of 20?
True
Is 3 a factor of 191751?
True
Does 323 divide 271966?
True
Is 43822 a multiple of 8?
False
Does 558 divide 7022250?
False
Does 112 divide 3893456?
True
Is 9619 even?
False
Is 36408 a multiple of 123?
True
Is 316 a factor of 1589035?
False
Does 313 divide 237880?
True
Does 415 divide 777970?
False
Is 29582 a multiple of 22?
False
Is 57 a factor of 12681?
False
Is 8 a factor of 3266704?
True
Does 156 divide 544743?
False
Is 1296 a factor of 10185666?
False
Is 5592 a multiple of 233?
True
Is 269 a factor of 100068?
True
Does 35 divide 523355?
True
Is 339 a factor of 815206?
False
Is 2975589 a multiple of 191?
True
Is 156 a factor of 563785?
False
Is 108630 a multiple of 10?
True
Is 7190057 a multiple of 133?
False
Is 135 a factor of 216675?
True
Does 14 divide 1528402?
False
Is 197247 a multiple of 5?
False
Is 576 a factor of 5659200?
True
Is 467 a factor of 14813707?
True
Does 276 divide 1240896?
True
Is 777480 a multiple of 40?
True
Does 10 divide 45540?
True
Is 36 a factor of 989565?
False
Is 1489296 a multiple of 16?
True
Is 14 a factor of 211414?
True
Is 29 a factor of 54462?
True
Is 1175193 a multiple of 154?
False
Is 435308 a multiple of 182?
False
Is 111 a factor of 22089?
True
Is 70 a factor of 794?
False
Is 762330 a multiple of 68?
False
Does 16 divide 43104?
True
Is 1580424 a multiple of 125?
False
Is 62 a factor of 333684?
True
Does 157 divide 177496?
False
Is 13 a factor of 2698436?
True
Does 6 divide 333677?
False
Is 12110208 a multiple of 1464?
True
Does 116 divide 251705?
False
Is 42 a factor of 129822?
True
Is 9 a factor of 3791?
False
Does 540 divide 3331269?
False
Is 9 a factor of 540335?
False
Does 19 divide 31825?
True
Does 11 divide 15862180?
False
Is 125 a factor of 2559764?
False
Is 997500 a multiple of 133?
True
Does 50 divide 365850?
True
Does 260 divide 7758305?
False
Does 707 divide 3946340?
False
Is 4414823 a multiple of 291?
False
Does 73 divide 116289?
True
Is 27 a factor of 192888?
True
Does 38 divide 586109?
False
Does 17 divide 149022?
True
Is 16854576 a multiple of 1471?
False
Is 707796 a multiple of 12?
True
Is 282048 a multiple of 4?
True
Is 31364 a multiple of 23?
False
Is 1670699 even?
False
Is 194 a factor of 1535898?
True
Does 4 divide 4648?
True
Is 143 a factor of 22205612?
True
Does 151 divide 26411335?
False
Is 2989160 a multiple of 172?
False
Is 20896 